 = w*o. Let i(k) = 5*k. Give i(o).
-10
Let v be 1/(3/(-2) - -2). Let i(d) = -4*d + 0 - v + 2 - 3. Determine i(-2).
5
Let o(s) = 24*s - 4 - 1 - 25*s. Suppose 0 = -5*p - 0*p + 15. Suppose -p*b = b. Determine o(b).
-5
Let j(a) = a**2 - a - 2. Let d be (-2)/(-4) - (-6)/4. Suppose -4*c - 5*r = -33, 4*r = 3*c - 7 + 21. Suppose 2*h - 10 = -o - c, d*o + 20 = 5*h. Determine j(o).
-2
Suppose -4*p = -3*t - 1, 4*t - 2*p + 0 - 2 = 0. Let v(z) = z**2 - 8*z - 5. Let r(f) = f**2 + 0*f + 1 + 0*f. Let d(c) = t*v(c) - 2*r(c). Give d(-6).
5
Let a(g) be the first derivative of g**3 - g**2/2 + 4*g - 2. Let t be a(-8). Let l be 2/(-9) - t/54. Let h(w) = w**2 + 5*w. What is h(l)?
-4
Let o(k) be the second derivative of -k**5/20 - k**4/12 - k**3/6 - k**2 + 2*k. Let z = 5 - 5. Calculate o(z).
-2
Let r(d) be the second derivative of d**3/6 + 5*d**2/2 - d. Suppose 0 = g - m - 5, 3*g + 7 = m + 18. Suppose -4*x + 3*b = g, -3*b + 4*b = 1. Calculate r(x).
5
Let y(p) = -p + 3. Let n be y(5). Let v = -5 - n. Let f(i) be the first derivative of -i**2/2 + 2*i + 2. Give f(v).
5
Let u(k) = k**2 + 1. Let a = 7 + -7. Let t be (-1 + a)*0 - -14. Suppose b - t = -3*i, -4*b + 0 + 21 = 5*i. Determine u(b).
2
Let t(g) = -g**3 + g**2 + 3*g + 2. Let w(z) = -7*z - 1. Let q be w(-1). Suppose q = -3*a - 0. Determine t(a).
8
Let o(r) = 4*r + 5. Suppose -j - 18 = 5*s, -j - 5 = 3*s + 5. What is o(s)?
-11
Let x(d) = -d**3 - 4*d**2 + d + 5. Let t(h) = -h - 9. Let v(c) = -c**2 - c + 1. Let m be v(2). Let g be t(m). Give x(g).
1
Let n(l) = l**3 - 2*l**2. Let r be 2/3*(-39)/(-13). What is n(r)?
0
Suppose 3*c = 5*p - 32, -4*c + 3 = -3*p + 20. Suppose -4*x + 10 = -2*x. Let s = p - x. Let v(o) = o**2 - o - 1. What is v(s)?
1
Let w(s) = -2*s + 0 + s**2 + 7*s + 5 + 1. What is w(-5)?
6
Let c = 7 + -5. Let q(u) = -8*u + 2. Determine q(c).
-14
Let o be 0 + (-6)/(0 - 3). Let n(f) = -3*f**o - f - f**2 + 3*f**2 + 2 + 2*f. Determine n(-2).
-4
Let v be -1 - 9/((-9)/4). Let q(t) = -t**3 + t - 1. Let w(o) = 6*o**3 - 3*o**2 - 3*o + 7. Let z(j) = -5*q(j) - w(j). Determine z(v).
-8
Let n(b) = b**2 + 5*b - 11. Let o be n(-5). Let t(z) = 13*z**2 - 6*z. Let x(p) = -25*p**2 + 11*p. Let i(r) = o*t(r) - 6*x(r). What is i(-1)?
7
Let v = 17 - 12. Suppose -2*q = 3*q - 15. Let c(s) = s - v*s**q + 0 + 2*s**2 - 3*s + 1. What is c(1)?
-4
Suppose 4*s - 4*c + 8 = 0, -7*s + 2*s + 3*c - 4 = 0. Let g be (-2 - 0)*(-4)/2. Let t(h) = -2 + 3 + h**2 + g*h**2 - h. Give t(s).
5
Let c(w) = 5*w**2 - w**3 + 4*w**2 + 1 - 5*w**2 - w. Suppose 0*z - 5*h = 2*z - 9, 3*h = -z + 5. What is c(z)?
7
Let c(u) = -2*u + 4 - 4 - 6 + 0*u. Let q be 3/(3/(-2) - -1). Determine c(q).
6
Suppose 4 = 4*o + 20. Let d(b) = b**2 + 5*b. Give d(o).
-4
Let f(j) = j**2 + 4*j + 3. Let n(a) = a + 4. Let m be n(-6). Let z be f(m). Let h(i) = -6*i**2 + i + 1. Calculate h(z).
-6
Let k(z) = 2*z + 2. Let n be ((-4)/(-2) - 3)*(-1 + -1). Determine k(n).
6
Let x(r) = 2 - 1 - 3 - r**2 - r + 1. Calculate x(-2).
-3
Let m(g) = g**2 - 4*g + 3. Let y be ((-234)/(-36))/((-1)/(-2)). Let n = y + -11. What is m(n)?
-1
Let k(z) be the third derivative of -z**4/24 + z**3/6 + 5*z**2. Determine k(1).
0
Let y(n) = -8*n + 2. Let h(s) = -4*s + 1. Let a(t) = 7*h(t) - 3*y(t). Give a(-1).
5
Let m(b) = 2*b - 2. Let o be m(2). Let x(j) = -6 - 7*j**2 + j**3 + 5*j**o + 5 + 6*j**2. What is x(-3)?
8
Let g(n) = -n**2 - n + 4. Let i = 2 + -2. Suppose -2*v - 3*v = i. Determine g(v).
4
Let h(w) be the third derivative of -w**5/60 - w**4/8 - 2*w**3/3 - 7*w**2. Calculate h(-3).
-4
Let v = -1 - -7. Let r(c) = 2*c + c + c**2 - 2*c + v. Determine r(0).
6
Let h(v) = -4*v + 7. Let f(m) = -17*m + 29. Let d = 17 + -26. Let s(k) = d*h(k) + 2*f(k). Calculate s(4).
3
Let f(q) be the third derivative of -q**5/60 + 7*q**4/24 + q**3/6 - q**2. What is f(7)?
1
Suppose 0 = -2*g - 10, -4*h + g - 2 - 1 = 0. Let t(l) = 5*l + 4. Let f(c) = -10*c - 7. Let p(y) = 6*f(y) + 11*t(y). Determine p(h).
12
Let m(o) = 5 + 6 + 6*o**2 - 4 + 7*o + o**3. Let j = -7 - -6. Let g be (j/(-2))/(1/(-10)). What is m(g)?
-3
Let o(t) = 9*t - 8. Let x(r) = -4*r + 4. Let y(d) = -6*o(d) - 13*x(d). Calculate y(-5).
6
Let n(o) = -o**3 + 3*o**2 - 4*o + 1. Suppose m = 2, -4*k + 26 = 4*m - 2. Suppose k*i + z - 2 + 0 = 0, 3*z = i + 6. Suppose 2*q + i*q = 6. What is n(q)?
-11
Let v(u) = 2*u + 3. Let r(n) = -n - 1. Let d(m) = 3*r(m) + v(m). What is d(-1)?
1
Let g(u) be the third derivative of u**7/840 - u**6/90 - u**5/24 + 7*u**4/24 + 11*u**3/6 + 6*u**2. Let p(z) be the first derivative of g(z). What is p(5)?
7
Let q(b) = -5*b**3 + 2*b**2 - b. Let t be (-2 - -3)*1*-3. Let s(o) = -6*o**3 + 2*o**2 - o. Let j(h) = t*s(h) + 4*q(h). What is j(2)?
-10
Suppose -4*y = 2 - 6. Let a(k) = y - 5*k + 2*k + 4*k. Let q be (1 - 2)*(-5 - -1). Determine a(q).
5
Let k be 4/6 - (-2)/(-3). Let v(h) = -2 + 0 + k + 1 - h. Give v(0).
-1
Let i(y) = 2*y**2 + 2*y + 9. Let q(t) = 2*t**2 + t + 8. Let z(n) = 4*i(n) - 5*q(n). Determine z(4).
-24
Let k(f) be the third derivative of 0*f + 0 - 1/2*f**3 - 1/60*f**5 - f**2 + 1/8*f**4. Determine k(3).
-3
Let j(x) = 0 + 1 - x**2 - 4*x + 7*x**3 + 3*x + 2*x. Suppose 0 = -3*z + 2*z + 2. Suppose -z*t - 4 = 2*t. Determine j(t).
-8
Suppose -4 - 31 = 5*x. Let g(c) = -c**2 - 9*c - 9. Determine g(x).
5
Let k(l) = l**2 + 5*l + 2. Let s be 64/224 - 51/7. What is k(s)?
16
Let a(l) be the second derivative of l**5/60 - l**4/8 - l**3/2 + l**2 + 6*l. Let y(o) be the first derivative of a(o). Give y(5).
7
Let o be (-3)/6*1*0. Let b be o/((-3)/(-3)) - 1. Let l(x) = 0*x + 1 + x - 5*x**2 + x. Give l(b).
-6
Let r(a) = -1 + 9 - 6 - 2*a**2 + 2*a. Calculate r(2).
-2
Suppose 7 - 3 = -4*t. Let d(k) = k**2 + 2*k. Let j(g) = g. Let x(i) = t*d(i) - 4*j(i). Give x(-5).
5
Let k = 8 - 11. Let m(z) = z**3 + 2*z**2 - 4*z - 1. Calculate m(k).
2
Let v(q) = -7*q + 2 + 11*q - 12*q + q**2 + 3. Let r = -17 - -24. What is v(r)?
-2
Let x(b) = -b - 3. Let s be x(-6). Let c(v) = -2 + v + 2 - s. Calculate c(5).
2
Let b(o) be the second derivative of o**6/720 + 3*o**5/40 + o**4/6 - 3*o. Let l(s) be the third derivative of b(s). Suppose 1 + 7 = -2*r. Calculate l(r).
5
Let r(q) be the first derivative of -q**2 + 5*q - 2. Let w(b) = 2*b - 3. Let k be w(4). What is r(k)?
-5
Let k(m) = -m**2 - 3*m + 2. Let u(s) = s. Let g(f) = k(f) + 2*u(f). Determine g(-3).
-4
Let j = -4 + 7. Let y(p) = p - j + 0 - 2. Determine y(3).
-2
Suppose -p = -f - 5*p + 10, -3*p = -f - 4. Let s(g) = -g**3 + 9*g**2 + 0*g**f - 6 + 6*g - 5*g**2. Let h be 1*6 + -1*1. Give s(h).
-1
Let t(n) = -2*n**2 + 4*n**2 - 4 - 23*n - n**2 + 19*n. Calculate t(4).
-4
Let z(a) be the first derivative of a**5/120 - a**4/8 - a**3/3 + 1. Let t(h) be the third derivative of z(h). Suppose -57*k + 54*k = 12. What is t(k)?
-7
Let p(w) = -w**3 - 5*w**2 + 2*w + 2. Suppose 9*k = -k - 50. Calculate p(k).
-8
Let f(q) = 2*q**2 - 11*q + 6. Let c be f(5). Let x(y) = -11*y. What is x(c)?
-11
Let n(x) = x**2 - 7*x + 6. Let m be n(6). Let v(k) = 3 - 2*k + k**3 + m - k**2 - 2. Suppose 10*j - 10 = 5*j. Determine v(j).
1
Suppose -5*t - 10 = 5*d, -3*d + 2*t = -d + 24. Let o(q) = -q - 8. What is o(d)?
-1
Let l(z) be the first derivative of z**4/4 - z**3 - 7*z**2/2 + 5*z + 4. Suppose 9 = -3*y + 3. Let s = y - -6. Calculate l(s).
-7
Let q(a) be the second derivative of -a**5/20 + a**4/4 + a**3/3 - 3*a**2 - 13*a. What is q(4)?
-14
Suppose m + 2*z - 8 = 0, -5*m - 5*z + 13 = -6*m. Suppose -5*u + m*o = -3*o - 10, 10 = 5*u - o. Let w(i) = 4*i - 3*i**2 + 3*i**2 + u*i**2 - i**2. Give w(-2).
-4
Let d(u) be the first derivative of u**3/3 - 3*u**2/2 + u - 8. Calculate d(3).
1
Let o(h) be the first derivative of -h**3/3 + 7*h**2/2 - 4*h + 36. Determine o(7).
-4
Let f(j) = -j**3 + 7*j**2 - 10*j - 1. Let m be f(5). Let i(t) = -4*t**3 - t**2 - 2*t - 1. What is i(m)?
4
Let t(j) be the first derivative of -j**4/4 + 2*j**3 - j**2/2 - 2*j + 8. What is t(5)?
18
Let f = -2023/6 + 338. Let w(r) be the third derivative of 3*r**2 + 0*r + 0 - f*r**3 - 1/24*r**4. Calculate w(0).
-5
Suppose 9 = 5*l + 24. Let z be ((0/1)/l)/1. Let f(y) = -1 + y**2 + z - 3 + y. Calculate f(-4).
8
Let z(r) be the first derivative of r**2/2 + 5*r - 23. Let f be (-74)/8 + 3/12. Let x be (-4)/(-18) + 47/f. Calculate z(x).
0
Suppose -5 - 91 = -4*b. Suppose 2*o = 4*s + 21 + 3, 3*o = -4*s - b. Let n(z) be the second deri